{"id":962,"date":"2024-11-26T12:03:13","date_gmt":"2024-11-26T12:03:13","guid":{"rendered":"https:\/\/keysarg.com\/?post_type=product&#038;p=962"},"modified":"2026-01-03T06:22:58","modified_gmt":"2026-01-03T06:22:58","slug":"microsoft-office-2024-professional-plus","status":"publish","type":"product","link":"https:\/\/keysarg.com\/?product=microsoft-office-2024-professional-plus","title":{"rendered":"Office 2024 Professional Plus (licencia de por vida)"},"content":{"rendered":"<ul>\n<li data-start=\"6217\" data-end=\"6266\">\n<p data-start=\"6219\" data-end=\"6266\">Licencia de pago \u00fanico con validez de por vida.<\/p>\n<\/li>\n<li data-start=\"6267\" data-end=\"6509\">\n<p data-start=\"6269\" data-end=\"6509\">Office 2024 Professional Plus incluye nuevas funciones: coautor\u00eda mejorada, herramientas de escritura avanzadas, nuevos tipos de datos, funciones, herramientas de traducci\u00f3n y edici\u00f3n, gr\u00e1ficos animados, mejoras de accesibilidad,\u00a0 plugins de IA y mucho m\u00e1s.<\/p>\n<\/li>\n<li data-start=\"6510\" data-end=\"6680\">\n<p data-start=\"6512\" data-end=\"6535\">Aplicaciones incluidas:<\/p>\n<ul data-start=\"6538\" data-end=\"6680\">\n<li data-start=\"6538\" data-end=\"6547\">\n<p data-start=\"6540\" data-end=\"6547\">Outlook<\/p>\n<\/li>\n<li data-start=\"6550\" data-end=\"6556\">\n<p data-start=\"6552\" data-end=\"6556\">Word<\/p>\n<\/li>\n<li data-start=\"6559\" data-end=\"6566\">\n<p data-start=\"6561\" data-end=\"6566\">Excel<\/p>\n<\/li>\n<li data-start=\"6569\" data-end=\"6581\">\n<p data-start=\"6571\" data-end=\"6581\">PowerPoint<\/p>\n<\/li>\n<li data-start=\"6584\" data-end=\"6592\">\n<p data-start=\"6586\" data-end=\"6592\">Access<\/p>\n<\/li>\n<li data-start=\"6595\" data-end=\"6606\">\n<p data-start=\"6597\" data-end=\"6606\">Publisher<\/p>\n<\/li>\n<li data-start=\"6609\" data-end=\"6629\">\n<p data-start=\"6611\" data-end=\"6629\">Skype for Business<\/p>\n<\/li>\n<li data-start=\"6632\" data-end=\"6680\">\n<p data-start=\"6634\" data-end=\"6680\">OneDrive<\/p>\n<\/li>\n<\/ul>\n<\/li>\n<\/ul>\n","protected":false},"excerpt":{"rendered":"<p>Licencia de pago \u00fanico con validez de por vida. Office 2024 Professional Plus incluye nuevas funciones: coautor\u00eda mejorada, herramientas de escritura avanzadas, nuevos tipos de datos, funciones, herramientas de traducci\u00f3n y edici\u00f3n, gr\u00e1ficos animados, mejoras de accesibilidad,\u00a0 plugins de IA y mucho m\u00e1s. Aplicaciones incluidas: Outlook Word Excel PowerPoint Access Publisher Skype for Business OneDrive<\/p>\n","protected":false},"featured_media":964,"comment_status":"open","ping_status":"closed","template":"","meta":[],"product_brand":[],"product_cat":[40],"product_tag":[],"class_list":{"0":"post-962","1":"product","2":"type-product","3":"status-publish","4":"has-post-thumbnail","6":"product_cat-microsoft-office","8":"first","9":"instock","10":"sale","11":"downloadable","12":"virtual","13":"taxable","14":"purchasable","15":"product-type-simple"},"aioseo_notices":[],"_links":{"self":[{"href":"https:\/\/keysarg.com\/index.php?rest_route=\/wp\/v2\/product\/962","targetHints":{"allow":["GET"]}}],"collection":[{"href":"https:\/\/keysarg.com\/index.php?rest_route=\/wp\/v2\/product"}],"about":[{"href":"https:\/\/keysarg.com\/index.php?rest_route=\/wp\/v2\/types\/product"}],"replies":[{"embeddable":true,"href":"https:\/\/keysarg.com\/index.php?rest_route=%2Fwp%2Fv2%2Fcomments&post=962"}],"wp:featuredmedia":[{"embeddable":true,"href":"https:\/\/keysarg.com\/index.php?rest_route=\/wp\/v2\/media\/964"}],"wp:attachment":[{"href":"https:\/\/keysarg.com\/index.php?rest_route=%2Fwp%2Fv2%2Fmedia&parent=962"}],"wp:term":[{"taxonomy":"product_brand","embeddable":true,"href":"https:\/\/keysarg.com\/index.php?rest_route=%2Fwp%2Fv2%2Fproduct_brand&post=962"},{"taxonomy":"product_cat","embeddable":true,"href":"https:\/\/keysarg.com\/index.php?rest_route=%2Fwp%2Fv2%2Fproduct_cat&post=962"},{"taxonomy":"product_tag","embeddable":true,"href":"https:\/\/keysarg.com\/index.php?rest_route=%2Fwp%2Fv2%2Fproduct_tag&post=962"}],"curies":[{"name":"wp","href":"https:\/\/api.w.org\/{rel}","templated":true}]}}